 w(j) = 7*j + 210. What is w(-28)?
14
Let d(m) = 3*m - 24. Give d(8).
0
Let i(p) = 5*p - 2. Calculate i(-3).
-17
Let t(v) = -2*v + 16. Give t(9).
-2
Let m(q) = 4*q - 3. Calculate m(2).
5
Let k(b) = b**3 + 6*b**2 + 3*b + 7. Give k(-6).
-11
Let t(l) = -5*l + 31. What is t(6)?
1
Let i(b) = -b**3 - 25*b**2 + 25*b - 28. Calculate i(-26).
-2
Let f(q) = 62*q + 98. Calculate f(-2).
-26
Let o(z) = -z**3 - 12*z**2 - 31*z + 7. Determine o(-8).
-1
Let c(w) = w**3 + 10*w**2 + 4*w + 20. Determine c(-10).
-20
Let p(l) = 4*l - 29. Give p(7).
-1
Let h(n) = n**3 - 17*n**2 + 17*n + 20. What is h(16)?
36
Let s(g) = g**2 - 9. What is s(0)?
-9
Let y(u) = 2*u**3 - 32*u**2 + u - 16. Calculate y(16).
0
Let z(u) = -u**3 + 5*u**2 + 5*u + 16. Give z(6).
10
Let b(o) = o**2 - 21*o + 46. What is b(16)?
-34
Let t(d) = -3*d**2 + 26*d - 47. What is t(4)?
9
Let q(x) = -x**3 - 17*x**2 + 19*x + 6. Calculate q(-18).
-12
Let c(j) = -j**3 - 5*j**2 + j + 1. Give c(-5).
-4
Let n(r) = -r**3 + 9*r**2 - 2*r + 12. Give n(9).
-6
Let g(m) = 2*m**3 - 17*m**2 + 13*m - 47. Calculate g(8).
-7
Let l(m) = -m + 13. Give l(4).
9
Let f(x) = -x**3 - 21*x**2 - 17*x + 1. Determine f(-20).
-59
Let p(q) = -q**3 + 13*q**2 - 2*q + 18. Calculate p(13).
-8
Let r(d) = -17*d + 19. Give r(2).
-15
Let w(o) = -o**3 + 10*o**2 - 12*o - 8. Calculate w(9).
-35
Let o(s) = 10*s**2 + 16*s + 51. Calculate o(-4).
147
Let u(f) = 53*f + 1. Calculate u(1).
54
Let i(b) = b**3 + 11*b**2 + 3*b + 15. What is i(-11)?
-18
Let q(m) = 14*m - 201. What is q(15)?
9
Let g(y) = y**3 + 33*y**2 - 13*y - 429. What is g(-33)?
0
Let q(l) = l**2 - 3*l - 32. Calculate q(0).
-32
Let i(h) = 2*h**2 + h - 32. Calculate i(-6).
34
Let z(j) = 10*j - 48. Give z(-6).
-108
Let y(b) = 12*b - 204. Determine y(17).
0
Let c(j) = j**2 - 2*j + 4. What is c(4)?
12
Let q(u) = 6*u**2 + 116*u + 20. Determine q(-19).
-18
Let g(h) = h**3 + 9*h**2 + 1. Give g(-9).
1
Let x(m) = 3*m + 54. What is x(-19)?
-3
Let y(q) = 17*q - 280. What is y(16)?
-8
Let y(l) = 12*l**2 - l - 2. Calculate y(-1).
11
Let b(r) = -2*r - 2. What is b(2)?
-6
Let j(p) = -12*p - 6. What is j(3)?
-42
Let z(t) = -t**3 + t**2 - 12. What is z(0)?
-12
Let z(g) = -g**2 + 7*g - 36. Give z(11).
-80
Let k(g) = g**3 - 9*g**2 - 7*g - 25. Determine k(10).
5
Let f(y) = 3*y**3 + 5*y**2 - 6*y + 4. Calculate f(3).
112
Let c(n) = -2*n**3 - n + 2. Give c(1).
-1
Let w(y) = -6*y + 7. Give w(4).
-17
Let n(r) = r**2 + 16*r - 28. Determine n(-17).
-11
Let i(r) = -6*r - 9. Give i(-7).
33
Let c(j) = 24*j**3 + 2*j**2 + j. Give c(-1).
-23
Let w(t) = -t**3 - 12*t**2 - 34*t - 4. Give w(-6).
-16
Let x(k) = k**3 - 22*k**2 - 52*k + 19. Determine x(24).
-77
Let t(j) = -40*j. Determine t(-1).
40
Let c(w) = w**2 + 14*w - 9. Calculate c(-15).
6
Let m(t) = -2*t**3 + 37*t**2 + 16*t + 41. Give m(19).
-16
Let x(r) = 6*r + 27. Determine x(-6).
-9
Let h(j) = -5*j + 43. Give h(11).
-12
Let s(a) = a**3 - a**2 - 3*a + 6. Determine s(4).
42
Let m(p) = -p**2 + 11*p - 14. What is m(7)?
14
Let x(b) = -b - 10. Give x(-7).
-3
Let v(t) = t**2 + 8*t - 45. Determine v(-9).
-36
Let x(p) = -2*p**3 - 3*p**2 + 2*p + 4. Determine x(-3).
25
Let p(d) = 75*d**2 + d. Give p(1).
76
Let g(o) = -o**3 - 2*o**2 + 4*o + 3. Determine g(-4).
19
Let n(d) = 8*d**3 + d**2 + d + 1. What is n(-1)?
-7
Let m(x) = x + 4. Calculate m(-11).
-7
Let p(f) = -5*f - 10. What is p(-3)?
5
Let z(g) = -g**2 - 7*g - 10. What is z(-3)?
2
Let t(r) = -r**2 - 10*r - 4. Give t(-8).
12
Let i(b) = b - 2. Determine i(-6).
-8
Let r(z) = -2*z + 26. Give r(-19).
64
Let t(h) = -5*h**2 + 6*h - 6. What is t(1)?
-5
Let q(x) = -7*x + 63. Give q(20).
-77
Let s(g) = 3*g**2 - 20*g + 5. Calculate s(7).
12
Let w(c) = -3*c**2 + 3. What is w(-2)?
-9
Let f(w) = -w**3 - 36*w**2 - 32*w + 101. Give f(-35).
-4
Let k(n) = -12*n - 114. Calculate k(-9).
-6
Let p(y) = 8*y**2 - 48*y + 7. Determine p(6).
7
Let f(d) = 30*d. Give f(-3).
-90
Let t(j) = -j**3 - 8*j**2 - 8*j + 5. What is t(-7)?
12
Let a(v) = v**3 + 15*v**2 + 20*v + 72. Calculate a(-14).
-12
Let p(k) = -k**2 + k + 13. Calculate p(0).
13
Let g(f) = -f**2 + 17*f - 22. Give g(16).
-6
Let k(p) = 4*p - 110. What is k(27)?
-2
Let f(x) = -x**2 + 6*x + 22. Determine f(9).
-5
Let n(c) = -c**2 - 19*c - 70. What is n(-5)?
0
Let z(k) = -3*k. Determine z(-8).
24
Let o(d) = d**2 + 3*d - 8. Calculate o(5).
32
Let v(s) = 40*s**2 + 3*s + 2. Determine v(-1).
39
Let z(s) = s**2 - 3*s - 5. What is z(-2)?
5
Let w(f) = f + 4. What is w(-6)?
-2
Let q(l) = -19*l**2 - 2*l - 1. Give q(-1).
-18
Let r(a) = a**3 + 4*a**2 + a - 3. Calculate r(-2).
3
Let d(f) = -f**2 + 25*f + 504. Calculate d(-13).
10
Let r(f) = -f + 23. What is r(11)?
12
Let g(f) = -f**2 - 10*f - 7. Give g(-12).
-31
Let a(v) = 44*v - 1. Give a(1).
43
Let u(c) = -2*c + 21. What is u(-5)?
31
Let g(m) = -m**2 + 5*m - 1. Give g(4).
3
Let a(f) = -f**2 - 34*f - 38. What is a(-33)?
-5
Let d(q) = 2*q - 7. Determine d(6).
5
Let d(a) = 50*a + 147. Give d(-3).
-3
Let w(n) = -n - 5. Give w(-8).
3
Let o(i) = -69*i**2 - 5*i + 1. Calculate o(1).
-73
Let r(j) = j**3 - 6*j**2 + 6*j + 5. Determine r(5).
10
Let y(q) = q**2 - 11*q - 32. What is y(11)?
-32
Let u(m) = 5*m + 60. What is u(-6)?
30
Let d(o) = -o - 5. Give d(-1).
-4
Let o(j) = j**3 + 3*j**2 + 1. Determine o(-1).
3
Let j(h) = h**2 + 6*h - 10. What is j(-6)?
-10
Let y(m) = -m**3 + 6*m**2 + m - 9. Determine y(6).
-3
Let p(i) = i**3 + 11*i**2 + 9*i - 7. What is p(-10)?
3
Let j(q) = q - 26. Determine j(15).
-11
Let f(h) = -6*h + 4. Determine f(1).
-2
Let f(s) = -s**3 + 4*s**2 + 15*s - 6. Give f(6).
12
Let o(n) = -n**3 + 3*n**2 + 4*n - 12. Calculate o(3).
0
Let p(o) = -3*o - 4. Give p(-6).
14
Let b(x) = -x**3 - 8*x**2 + 9. What is b(-8)?
9
Let h(b) = b**2 + 6*b + 2. What is h(-5)?
-3
Let f(m) = 9*m + 6. Calculate f(-4).
-30
Let w(u) = -2*u**2 + 14. What is w(-6)?
-58
Let s(u) = -2*u + 2. Determine s(-13).
28
Let h(p) = -p + 11. What is h(5)?
6
Let t(a) = -a**2 - 10*a + 6. What is t(-11)?
-5
Let r(h) = h**3 - 4*h**2 - 7*h + 6. Calculate r(5).
-4
Let t(p) = 3*p**2 + 34*p + 22. Determine t(-14).
134
Let g(c) = -c + 14. Determine g(-3).
17
Let b(s) = -58*s + 232. Give b(4).
0
Let i(p) = -4*p**2 - 5*p + 11. What is i(2)?
-15
Let k(y) = y**3 + 13*y**2 - 15*y + 10. What is k(-14)?
24
Let c(x) = -21*x**3 + 3*x**2 - 24*x + 21. Give c(1).
-21
Let o(n) = n**2 + n + 45. Calculate o(0).
45
Let q(v) = v**2 - 14*v + 17. What is q(8)?
-31
Let y(v) = -20*v + 27. Calculate y(1).
7
Let p(q) = q**2 + 4*q - 4. Calculate p(-4).
-4
Let c(w) = w**3 - w**2 + 2*w - 1. What is c(2)?
7
Let p(x) = x + 7. Determine p(-22).
-15
Let c(f) = -5*f**2 - 4*f - 4. What is c(-3)?
-37
Let o(t) = t**3 + t**2 + 2. Calculate o(2).
14
Let z(f) = -3*f**3 + 25*f**2 - 14*f + 41. What is z(8)?
-7
Let s(k) = k**3 - 8*k**2 + 4*k - 26. Calculate s(8).
6
Let b(m) = -3*m**2 + 4. Give b(-3).
-23
Let f(p) = -p**3 + 7*p**2 + 7*p + 1. Determine f(8).
-7
Let x(m) = -m**3 + 4*m**2 + 2*m - 7. What is x(4)?
1
Let j(v) = -v**2 - 2*v + 6. Give j(-6).
-18
Let w(x) = 330*x + 1981. Give w(-6).
1
Let y(h) = h**3 + h**2 - h + 17. What is y(0)?
17
Let y(c) = c**3 + 10*c**2 - 9*c + 27. Determine y(-11).
5
Let p(l) = -l**2 - 4*l + 95. Give p(8).
-1
Let n(z) = 19*z**2 + 7*z + 6. Calculate n(-1).
18
Let a(h) = -h**3 - 6*h**2 + 10*h + 11. Determine a(-7).
-10
Let m(b) = b**3 - 11*b**2 + b - 12. What is m(11)?
-1
Let h(c) = -2*c + 44. What is h(24)?
-4
Let l(z) = z**3 - 6*z**2 - 5*z - 18. Calculate l(7).
-4
Let c(i) = i**3 + 38*i**2 + 74*i + 70. What is c(-36)?
-2
Let d(r) = 14*r**3 - r**2 + r - 1. Determine d(1).
13
Let l(y) = y**3 + 54*y**2 + 103*y - 52. What is l(-52)?
0
Let l(d) = -8*d - 62. Give l(-6).
-14
Let l(b) = -17*b + 2. Calculate l(0).
2
Let q(r) = -r**2 - 8*r + 9. Give q(-9).
0
Let o(f) = -2*f**3 + 3*f**2 - f + 2. Determine o(3).
-28
Let t(q) = -q**3 + 15*q**2 + 2*q - 17. Give t(15).
13
Let u(c) = -69*c - 56. What is u(-1)?
13
Let o(m) = -5*m + 64. Calculate o(12).
4
Let y(r) = -r**3 - 5*r**2 + 3*r. Calculate y(-6).
18
Let p(d) = d**2 - 3*d - 8. Give p(5).
2
Let f(m) = -m**3 + 8*m**2 - 14*m + 13. Give f(6).
1
Let v(t) = t**2 - 2*t - 34. Give v(-5).
1
Let m(g) = -g**2 + 20*g - 78. Determine m(6).
6
Let u(p) = p**2 + 1. What is u(0)?
1
Let l(h) = 3*h + 14. Give l(7).
35
Let z(w) = 2*w**2 - w - 13. Determine z(6).
53
Let x(s) = 52*s + 541. Cal